{"id":276,"date":"2025-01-09T17:44:26","date_gmt":"2025-01-09T17:44:26","guid":{"rendered":"https:\/\/tempsite.com.br\/66cbc2025\/?page_id=276"},"modified":"2025-01-13T12:23:33","modified_gmt":"2025-01-13T12:23:33","slug":"area-do-autor","status":"publish","type":"page","link":"http:\/\/tempsite.com.br\/66cbc2025\/area-do-autor\/","title":{"rendered":"\u00c1rea do Autor"},"content":{"rendered":"\t\t<div data-elementor-type=\"wp-page\" data-elementor-id=\"276\" class=\"elementor elementor-276\" data-elementor-post-type=\"page\">\n\t\t\t\t<div class=\"elementor-element elementor-element-cc6571e e-flex e-con-boxed e-con e-parent\" data-id=\"cc6571e\" data-element_type=\"container\">\n\t\t\t\t\t<div class=\"e-con-inner\">\n\t\t\t\t<div class=\"elementor-element elementor-element-fe8a714 elementor-widget elementor-widget-heading\" data-id=\"fe8a714\" data-element_type=\"widget\" data-widget_type=\"heading.default\">\n\t\t\t\t<div class=\"elementor-widget-container\">\n\t\t\t\t\t<h2 class=\"elementor-heading-title elementor-size-default\">Links Importantes para envio de Artigos<\/h2>\t\t\t\t<\/div>\n\t\t\t\t<\/div>\n\t\t\t\t<div class=\"elementor-element elementor-element-4581dde elementor-widget-divider--view-line elementor-widget elementor-widget-divider\" data-id=\"4581dde\" data-element_type=\"widget\" data-widget_type=\"divider.default\">\n\t\t\t\t<div class=\"elementor-widget-container\">\n\t\t\t\t\t\t\t<div class=\"elementor-divider\">\n\t\t\t<span class=\"elementor-divider-separator\">\n\t\t\t\t\t\t<\/span>\n\t\t<\/div>\n\t\t\t\t\t\t<\/div>\n\t\t\t\t<\/div>\n\t\t<div class=\"elementor-element elementor-element-0159ff3 e-con-full e-flex e-con e-child\" data-id=\"0159ff3\" data-element_type=\"container\">\n\t\t<div class=\"elementor-element elementor-element-c192349 e-grid e-con-full e-con e-child\" data-id=\"c192349\" data-element_type=\"container\">\n\t\t\t\t<div class=\"elementor-element elementor-element-6fbd383 elementor-align-center elementor-widget elementor-widget-button\" data-id=\"6fbd383\" data-element_type=\"widget\" data-widget_type=\"button.default\">\n\t\t\t\t<div class=\"elementor-widget-container\">\n\t\t\t\t\t\t\t\t\t<div class=\"elementor-button-wrapper\">\n\t\t\t\t\t<a class=\"elementor-button elementor-button-link elementor-size-sm\" href=\"https:\/\/eventos.ibracon.org.br\/\">\n\t\t\t\t\t\t<span class=\"elementor-button-content-wrapper\">\n\t\t\t\t\t\t\t\t\t<span class=\"elementor-button-text\">Acesso \u00e0 Plataforma de avalia\u00e7\u00e3o de Artigos<\/span>\n\t\t\t\t\t<\/span>\n\t\t\t\t\t<\/a>\n\t\t\t\t<\/div>\n\t\t\t\t\t\t\t\t<\/div>\n\t\t\t\t<\/div>\n\t\t\t\t<div class=\"elementor-element elementor-element-113e3fb elementor-align-center elementor-widget elementor-widget-button\" data-id=\"113e3fb\" data-element_type=\"widget\" data-widget_type=\"button.default\">\n\t\t\t\t<div class=\"elementor-widget-container\">\n\t\t\t\t\t\t\t\t\t<div class=\"elementor-button-wrapper\">\n\t\t\t\t\t<a class=\"elementor-button elementor-button-link elementor-size-sm\" href=\"#\">\n\t\t\t\t\t\t<span class=\"elementor-button-content-wrapper\">\n\t\t\t\t\t\t\t\t\t<span class=\"elementor-button-text\">Instru\u00e7\u00f5es para Confec\u00e7\u00f5es de Artigos<\/span>\n\t\t\t\t\t<\/span>\n\t\t\t\t\t<\/a>\n\t\t\t\t<\/div>\n\t\t\t\t\t\t\t\t<\/div>\n\t\t\t\t<\/div>\n\t\t\t\t<div class=\"elementor-element elementor-element-1bb2205 elementor-align-center elementor-widget elementor-widget-button\" data-id=\"1bb2205\" data-element_type=\"widget\" data-widget_type=\"button.default\">\n\t\t\t\t<div class=\"elementor-widget-container\">\n\t\t\t\t\t\t\t\t\t<div class=\"elementor-button-wrapper\">\n\t\t\t\t\t<a class=\"elementor-button elementor-button-link elementor-size-sm\" href=\"#\">\n\t\t\t\t\t\t<span class=\"elementor-button-content-wrapper\">\n\t\t\t\t\t\t\t\t\t<span class=\"elementor-button-text\">Modelo para Confec\u00e7\u00e3o de Artigo<\/span>\n\t\t\t\t\t<\/span>\n\t\t\t\t\t<\/a>\n\t\t\t\t<\/div>\n\t\t\t\t\t\t\t\t<\/div>\n\t\t\t\t<\/div>\n\t\t\t\t<div class=\"elementor-element elementor-element-cc86445 elementor-align-center elementor-widget elementor-widget-button\" data-id=\"cc86445\" data-element_type=\"widget\" data-widget_type=\"button.default\">\n\t\t\t\t<div class=\"elementor-widget-container\">\n\t\t\t\t\t\t\t\t\t<div class=\"elementor-button-wrapper\">\n\t\t\t\t\t<a class=\"elementor-button elementor-button-link elementor-size-sm\" href=\"#\">\n\t\t\t\t\t\t<span class=\"elementor-button-content-wrapper\">\n\t\t\t\t\t\t\t\t\t<span class=\"elementor-button-text\">Template para Apresenta\u00e7\u00e3o Plen\u00e1ria<\/span>\n\t\t\t\t\t<\/span>\n\t\t\t\t\t<\/a>\n\t\t\t\t<\/div>\n\t\t\t\t\t\t\t\t<\/div>\n\t\t\t\t<\/div>\n\t\t\t\t<div class=\"elementor-element elementor-element-587edb6 elementor-align-center elementor-widget elementor-widget-button\" data-id=\"587edb6\" data-element_type=\"widget\" data-widget_type=\"button.default\">\n\t\t\t\t<div class=\"elementor-widget-container\">\n\t\t\t\t\t\t\t\t\t<div class=\"elementor-button-wrapper\">\n\t\t\t\t\t<a class=\"elementor-button elementor-button-link elementor-size-sm\" href=\"#\">\n\t\t\t\t\t\t<span class=\"elementor-button-content-wrapper\">\n\t\t\t\t\t\t\t\t\t<span class=\"elementor-button-text\">Template para Apresenta\u00e7\u00e3o Poster<\/span>\n\t\t\t\t\t<\/span>\n\t\t\t\t\t<\/a>\n\t\t\t\t<\/div>\n\t\t\t\t\t\t\t\t<\/div>\n\t\t\t\t<\/div>\n\t\t\t\t<div class=\"elementor-element elementor-element-e0c3916 elementor-align-center elementor-widget elementor-widget-button\" data-id=\"e0c3916\" data-element_type=\"widget\" data-widget_type=\"button.default\">\n\t\t\t\t<div class=\"elementor-widget-container\">\n\t\t\t\t\t\t\t\t\t<div class=\"elementor-button-wrapper\">\n\t\t\t\t\t<a class=\"elementor-button elementor-button-link elementor-size-sm\" href=\"#\">\n\t\t\t\t\t\t<span class=\"elementor-button-content-wrapper\">\n\t\t\t\t\t\t\t\t\t<span class=\"elementor-button-text\">Modelo para Confec\u00e7\u00e3o de Artigo<\/span>\n\t\t\t\t\t<\/span>\n\t\t\t\t\t<\/a>\n\t\t\t\t<\/div>\n\t\t\t\t\t\t\t\t<\/div>\n\t\t\t\t<\/div>\n\t\t\t\t<\/div>\n\t\t\t\t<\/div>\n\t\t\t\t<div class=\"elementor-element elementor-element-22d8e67 elementor-widget elementor-widget-spacer\" data-id=\"22d8e67\" data-element_type=\"widget\" data-widget_type=\"spacer.default\">\n\t\t\t\t<div class=\"elementor-widget-container\">\n\t\t\t\t\t\t\t<div class=\"elementor-spacer\">\n\t\t\t<div class=\"elementor-spacer-inner\"><\/div>\n\t\t<\/div>\n\t\t\t\t\t\t<\/div>\n\t\t\t\t<\/div>\n\t\t\t\t<div class=\"elementor-element elementor-element-ecff48d elementor-widget elementor-widget-heading\" data-id=\"ecff48d\" data-element_type=\"widget\" data-widget_type=\"heading.default\">\n\t\t\t\t<div class=\"elementor-widget-container\">\n\t\t\t\t\t<h2 class=\"elementor-heading-title elementor-size-default\">Informa\u00e7\u00f5es importantes<\/h2>\t\t\t\t<\/div>\n\t\t\t\t<\/div>\n\t\t\t\t<div class=\"elementor-element elementor-element-cbfd156 elementor-widget elementor-widget-text-editor\" data-id=\"cbfd156\" data-element_type=\"widget\" data-widget_type=\"text-editor.default\">\n\t\t\t\t<div class=\"elementor-widget-container\">\n\t\t\t\t\t\t\t\t\t<ul><li>Mantenha seus dados atualizados na plataforma de avalia\u00e7\u00e3o de artigo \u2013 eles ser\u00e3o usados em todas as divulga\u00e7\u00f5es\/certifica\u00e7\u00f5es do evento.<\/li><li>Os dados utilizados para o acesso aos Anais do Evento ser\u00e3o os do autor correspondente inserido no cadastro do resumo.<\/li><li>O IBRACON n\u00e3o fornece declara\u00e7\u00e3o de publica\u00e7\u00e3o de artigo, o comprovante \u00e9 o pdf dos Anais.<\/li><li>Somente receber\u00e3o certificados de participa\u00e7\u00e3o no evento os autores inscritos no Congresso.<\/li><li>Somente\u00a0o Autor (apenas 1) que realizar a apresenta\u00e7\u00e3o durante o evento receber\u00e1 declara\u00e7\u00e3o de apresenta\u00e7\u00e3o do artigo (plen\u00e1ria ou p\u00f4ster) .<\/li><\/ul>\t\t\t\t\t\t\t\t<\/div>\n\t\t\t\t<\/div>\n\t\t\t\t<div class=\"elementor-element elementor-element-d6a5668 elementor-widget elementor-widget-spacer\" data-id=\"d6a5668\" data-element_type=\"widget\" data-widget_type=\"spacer.default\">\n\t\t\t\t<div class=\"elementor-widget-container\">\n\t\t\t\t\t\t\t<div class=\"elementor-spacer\">\n\t\t\t<div class=\"elementor-spacer-inner\"><\/div>\n\t\t<\/div>\n\t\t\t\t\t\t<\/div>\n\t\t\t\t<\/div>\n\t\t\t\t<div class=\"elementor-element elementor-element-d501100 elementor-widget elementor-widget-heading\" data-id=\"d501100\" data-element_type=\"widget\" data-widget_type=\"heading.default\">\n\t\t\t\t<div class=\"elementor-widget-container\">\n\t\t\t\t\t<h2 class=\"elementor-heading-title elementor-size-default\">Dicas para envio de artigos<\/h2>\t\t\t\t<\/div>\n\t\t\t\t<\/div>\n\t\t\t\t\t<\/div>\n\t\t\t\t<\/div>\n\t\t<div class=\"elementor-element elementor-element-3caa517 e-flex e-con-boxed e-con e-parent\" data-id=\"3caa517\" data-element_type=\"container\">\n\t\t\t\t\t<div class=\"e-con-inner\">\n\t\t\t\t<div class=\"elementor-element elementor-element-32ce096 elementor-widget elementor-widget-text-editor\" data-id=\"32ce096\" data-element_type=\"widget\" data-widget_type=\"text-editor.default\">\n\t\t\t\t<div class=\"elementor-widget-container\">\n\t\t\t\t\t\t\t\t\t<section class=\"elementor-section elementor-inner-section elementor-element elementor-element-060e17b elementor-section-boxed elementor-section-height-default elementor-section-height-default\" data-id=\"060e17b\" data-element_type=\"section\"><div class=\"elementor-container elementor-column-gap-default\"><div class=\"elementor-column elementor-col-100 elementor-inner-column elementor-element elementor-element-19788a2\" data-id=\"19788a2\" data-element_type=\"column\"><div class=\"elementor-widget-wrap elementor-element-populated\"><div class=\"elementor-element elementor-element-5efa188 elementor-widget elementor-widget-text-editor\" data-id=\"5efa188\" data-element_type=\"widget\" data-widget_type=\"text-editor.default\"><div class=\"elementor-widget-container\"><p>\u00c9 muito importante respeitar as normas para confec\u00e7\u00e3o estabelecidas pela comiss\u00e3o organizadora. A falta de cuidado na hora de confeccionar os trabalhos pode desvalorizar seu artigo, pois fotos e par\u00e1grafos podem ser cortados durante a gera\u00e7\u00e3o do volume final do evento, al\u00e9m de denotar um aspecto de desleixo para o leitor.<\/p><p><strong>Dicas Importantes<\/strong><br \/><em>Inser\u00e7\u00e3o de Fotos x Tamanho de arquivo muito grande<\/em><br \/>O sistema est\u00e1 preparado para receber arquivos com at\u00e9 5MB. Entretanto, dependendo de sua conex\u00e3o, o tempo para o upload de um arquivo com mais de 2MB pode ser muito grande e falhas de conex\u00e3o podem fazer com que seu artigo chegue corrompido.<br \/>Tentando minimizar este problema, elaboramos um roteiro para a edi\u00e7\u00e3o de fotos de forma a obter documentos com fotos de alta qualidade, sem que fiquem muito grandes:<br \/>O tamanho dos arquivos de artigos que contenham fotos pode ser bastante reduzido diminuindo o tamanho das fotos com um programa para editora\u00e7\u00e3o de fotos (como o Corel Photo Paint, PhotoShop ou similar), sem que haja perda na qualidade da exibi\u00e7\u00e3o das mesmas.<\/p><p>Em geral as fotos s\u00e3o tiradas aproveitando-se o m\u00e1ximo da resolu\u00e7\u00e3o das c\u00e2meras digitais, imaginando-se imprimir estas fotos em tamanho 10\u00d715 com qualidade fotogr\u00e1fica. Entretanto quando tais fotos s\u00e3o inseridas dentro dos artigos, em geral s\u00e3o reduzidas para que sua exibi\u00e7\u00e3o fique harmoniosa dentro do texto. Nestes casos, em geral a redu\u00e7\u00e3o \u00e9 feita para no m\u00ednimo 45% do tamanho original.<\/p><p>Se simplesmente as fotos forem inseridas no Word e reduzidas dentro dele, preservar\u00e3o seu tamanho original, o que torna os arquivos bastante grandes.<\/p><p>Para ilustrar foi elaborado um exemplo aonde foram utilizadas 4 fotos, em arquivo JPG, com 1600\u00d71200 pixels, com tamanho de 658KB, 1213KB, 1374 KB e 613KB totalizando 3,76MB.<\/p><p>Inserindo estas fotos no Word, o arquivo obtido ficou com 3,9MB. Reduzindo as fotos para 45% de seu tamanho original no Word, o arquivo preservou seu tamanho original, 3,9MB.<\/p><p>Reduzindo o tamanho das fotos com a ferramenta \u201cReamostrar\u201d do Corel PhotoPaint 11, ajustando seu tamanho para 45% do original, foram obtidas fotos de tamanho convencional para a inser\u00e7\u00e3o no Word. As fotos foram gravadas novamente em JPG com compacta\u00e7\u00e3o de 10%, ficando respectivamente com 80KB, 145KB, 177KB e 54KB (453KB no total). Tais fotos foram inseridas num documento do Word que apresentou apenas 478KB de tamanho.<\/p><p>O mais importante de se ressaltar \u00e9 que reduzindo o tamanho das imagens fora do Word, a qualidade de exibi\u00e7\u00e3o das fotos ficou at\u00e9 melhor que a original e o tamanho do arquivo foi reduzido em nove vezes.<\/p><p><em>Tamanho de arquivo x Tempo de upload<\/em><\/p><p>O tempo de upload de arquivos \u00e9 fun\u00e7\u00e3o do tipo de conex\u00e3o e tamanho de arquivo.<\/p><p>Ao realizar o upload de um arquivo \u00e9 comum a impaci\u00eancia do usu\u00e1rio, que acaba clicando novamente sobre o bot\u00e3o de enviar o arquivo. Procedendo desta forma, o upload demorar\u00e1 mais, pois o processo \u00e9 reiniciado ou o arquivo pode ser copiado parcialmente para o servidor. Por favor aguarde at\u00e9 que o sistema apresente a mensagem de arquivo recebido ou ent\u00e3o uma mensagem de erro.<\/p><\/div><\/div><\/div><\/div><\/div><\/section><div class=\"elementor-element elementor-element-3621456 elementor-widget elementor-widget-spacer\" data-id=\"3621456\" data-element_type=\"widget\" data-widget_type=\"spacer.default\"><div class=\"elementor-widget-container\"><div class=\"elementor-spacer\">\u00a0<\/div><\/div><\/div>\t\t\t\t\t\t\t\t<\/div>\n\t\t\t\t<\/div>\n\t\t\t\t<div class=\"elementor-element elementor-element-263cf1e elementor-widget elementor-widget-spacer\" data-id=\"263cf1e\" data-element_type=\"widget\" data-widget_type=\"spacer.default\">\n\t\t\t\t<div class=\"elementor-widget-container\">\n\t\t\t\t\t\t\t<div class=\"elementor-spacer\">\n\t\t\t<div class=\"elementor-spacer-inner\"><\/div>\n\t\t<\/div>\n\t\t\t\t\t\t<\/div>\n\t\t\t\t<\/div>\n\t\t\t\t\t<\/div>\n\t\t\t\t<\/div>\n\t\t\t\t<\/div>\n\t\t","protected":false},"excerpt":{"rendered":"<p>Links Importantes para envio de Artigos Acesso \u00e0 Plataforma de avalia\u00e7\u00e3o de Artigos Instru\u00e7\u00f5es para Confec\u00e7\u00f5es de Artigos Modelo para Confec\u00e7\u00e3o de Artigo Template para Apresenta\u00e7\u00e3o Plen\u00e1ria Template para Apresenta\u00e7\u00e3o Poster Modelo para Confec\u00e7\u00e3o de Artigo Informa\u00e7\u00f5es importantes Mantenha seus dados atualizados na plataforma de avalia\u00e7\u00e3o de artigo \u2013 eles ser\u00e3o usados em todas as [&hellip;]<\/p>\n","protected":false},"author":2,"featured_media":0,"parent":0,"menu_order":0,"comment_status":"closed","ping_status":"closed","template":"","meta":{"_siteseo_robots_primary_cat":"","footnotes":""},"class_list":["post-276","page","type-page","status-publish","hentry"],"_links":{"self":[{"href":"http:\/\/tempsite.com.br\/66cbc2025\/wp-json\/wp\/v2\/pages\/276","targetHints":{"allow":["GET"]}}],"collection":[{"href":"http:\/\/tempsite.com.br\/66cbc2025\/wp-json\/wp\/v2\/pages"}],"about":[{"href":"http:\/\/tempsite.com.br\/66cbc2025\/wp-json\/wp\/v2\/types\/page"}],"author":[{"embeddable":true,"href":"http:\/\/tempsite.com.br\/66cbc2025\/wp-json\/wp\/v2\/users\/2"}],"replies":[{"embeddable":true,"href":"http:\/\/tempsite.com.br\/66cbc2025\/wp-json\/wp\/v2\/comments?post=276"}],"version-history":[{"count":13,"href":"http:\/\/tempsite.com.br\/66cbc2025\/wp-json\/wp\/v2\/pages\/276\/revisions"}],"predecessor-version":[{"id":312,"href":"http:\/\/tempsite.com.br\/66cbc2025\/wp-json\/wp\/v2\/pages\/276\/revisions\/312"}],"wp:attachment":[{"href":"http:\/\/tempsite.com.br\/66cbc2025\/wp-json\/wp\/v2\/media?parent=276"}],"curies":[{"name":"wp","href":"https:\/\/api.w.org\/{rel}","templated":true}]}}